1
What is the remainder when 125 is divided by 30?
5
What is the remainder when 392 is divided by 41?
23
What is the remainder when 2849 is divided by 25?
24
Calculate the remainder when 94 is divided by 9.
4
Calculate the remainder when 5802 is divided by 43.
40
What is the remainder when 24 is divided by 16?
8
What is the remainder when 95 is divided by 50?
45
Calculate the remainder when 10352 is divided by 17.
16
Calculate the remainder when 1068 is divided by 1055.
13
Calculate the remainder when 668 is divided by 10.
8
What is the remainder when 748 is divided by 188?
184
Calculate the remainder when 235 is divided by 81.
73
What is the remainder when 3625 is divided by 7?
6
What is the remainder when 4196 is divided by 100?
96
Calculate the remainder when 75 is divided by 18.
3
What is the remainder when 7594 is divided by 12?
10
Calculate the remainder when 16 is divided by 16.
0
What is the remainder when 1423 is divided by 7?
2
Calculate the remainder when 105 is divided by 33.
6
Calculate the remainder when 139 is divided by 8.
3
What is the remainder when 730 is divided by 82?
74
Calculate the remainder when 146 is divided by 5.
1
What is the remainder when 106 is divided by 51?
4
What is the remainder when 135 is divided by 29?
19
What is the remainder when 23568 is divided by 7854?
6
What is the remainder when 33 is divided by 24?
9
What is the remainder when 1251 is divided by 413?
12
Calculate the remainder when 192 is divided by 39.
36
Calculate the remainder when 4132 is divided by 159.
157
What is the remainder when 252 is divided by 37?
30
What is the remainder when 679 is divided by 114?
109
Calculate the remainder when 71 is divided by 36.
35
What is the remainder when 56 is divided by 3?
2
What is the remainder when 1129 is divided by 113?
112
Calculate the remainder when 301 is divided by 101.
99
Calculate the remainder when 798 is divided by 791.
7
What is the remainder when 574 is divided by 12?
10
Calculate the remainder when 259 is divided by 95.
69
Calculate the remainder when 183 is divided by 8.
7
Calculate the remainder when 810 is divided by 272.
266
Calculate the remainder when 7487 is divided by 26.
25
Calculate the remainder when 48381 is divided by 63.
60
Calculate the remainder when 28 is divided by 3.
1
What is the remainder when 390 is divided by 25?
15
Calculate the remainder when 361 is divided by 48.
25
Calculate the remainder when 196 is divided by 45.
16
What is the remainder when 121 is divided by 36?
13
What is the remainder when 662 is divided by 83?
81
Calculate the remainder when 2877 is divided by 569.
32
What is the remainder when 2910 is divided by 28?
26
Calculate the remainder when 407 is divided by 6.
5
What is the remainder when 10160 is divided by 62?
54
Calculate the remainder when 1838 is divided by 10.
8
Calculate the remainder when 215 is divided by 23.
8
Calculate the remainder when 82 is divided by 30.
22
Calculate the remainder when 44 is divided by 15.
14
What is the remainder when 797 is divided by 23?
15
What is the remainder when 1140 is divided by 22?
18
What is the remainder when 332 is divided by 16?
12
What is the remainder when 431 is divided by 15?
11
What is the remainder when 180 is divided by 109?
71
Calculate the remainder when 6976 is divided by 3484.
8
Calculate the remainder when 111 is divided by 51.
9
Calculate the remainder when 45 is divided by 15.
0
Calculate the remainder when 1158 is divided by 105.
3
What is the remainder when 9 is divided by 1?
0
Calculate the remainder when 1375 is divided by 20.
15
Calculate the remainder when 288 is divided by 29.
27
Calculate the remainder when 205 is divided by 43.
33
Calculate the remainder when 4125 is divided by 48.
45
What is the remainder when 1393 is divided by 126?
7
Calculate the remainder when 394 is divided by 19.
14
What is the remainder when 317 is divided by 4?
1
Calculate the remainder when 2740 is divided by 98.
94
Calculate the remainder when 229 is divided by 80.
69
Calculate the remainder when 8007 is divided by 800.
7
Calculate the remainder when 12402 is divided by 29.
19
What is the remainder when 563 is divided by 81?
77
Calculate the remainder when 6049 is divided by 168.
1
Calculate the remainder when 68 is divided by 12.
8
What is the remainder when 365 is divided by 102?
59
What is the remainder when 153 is divided by 43?
24
What is the remainder when 259 is divided by 10?
9
Calculate the remainder when 902 is divided by 91.
83
Calculate the remainder when 132 is divided by 30.
12
Calculate the remainder when 61 is divided by 21.
19
Calculate the remainder when 5794 is divided by 36.
34
Calculate the remainder when 131 is divided by 16.
3
Calculate the remainder when 979 is divided by 164.
159
Calculate the remainder when 1176 is divided by 315.
231
What is the remainder when 586 is divided by 11?
3
What is the remainder when 42 is divided by 14?
0
Calculate the remainder when 94 is divided by 22.
6
Calculate the remainder when 436 is divided by 101.
32
What is the remainder when 409 is divided by 170?
69
Calculate the remainder when 29 is divided by 8.
5
What is the remainder when 577 is divided by 17?
16
What is the remainder when 74 is divided by 64?
10
What is the remainder when 342 is divided by 5?
2
Calculate the remainder when 23 is divided by 20.
3
Calculate the remainder when 195 is divided by 105.
90
Calculate the remainder when 743 is divided by 17.
12
Calculate the remainder when 379 is divided by 93.
7
What is the remainder when 221 is divided by 1?
0
Calculate the remainder when 59 is divided by 13.
7
Calculate the remainder when 126 is divided by 37.
15
Calculate the remainder when 172 is divided by 15.
7
Calculate the remainder when 238 is divided by 35.
28
Calculate the remainder when 842 is divided by 397.
48
What is the remainder when 319 is divided by 19?
15
What is the remainder when 3301 is divided by 3263?
38
What is the remainder when 638 is divided by 5?
3
What is the remainder when 4157 is divided by 22?
21
What is the remainder when 790 is divided by 133?
125
What is the remainder when 115 is divided by 13?
11
What is the remainder when 390 is divided by 76?
10
What is the remainder when 199 is divided by 26?
17
What is the remainder when 497 is divided by 175?
147
Calculate the remainder when 377 is divided by 191.
186
Calculate the remainder when 211 is divided by 7.
1
What is the remainder when 15926 is divided by 11?
9
What is the remainder when 484 is divided by 189?
106
Calculate the remainder when 230 is divided by 50.
30
What is the remainder when 138 is divided by 28?
26
What is the remainder when 2150 is divided by 17?
8
Calculate the remainder when 4740 is divided by 9.
6
What is the remainder when 784 is divided by 389?
6
Calculate the remainder when 130 is divided by 57.
16
Calculate the remainder when 2741 is divided by 136.
21
Calculate the remainder when 13160 is divided by 321.
320
Calculate the remainder when 310 is divided by 51.
4
What is the remainder when 69 is divided by 14?
13
Calculate the remainder when 68 is divided by 46.
22
Calculate the remainder when 208 is divided by 100.
8
What is the remainder when 527 is divided by 11?
10
Calculate the remainder when 186 is divided by 47.
45
What is the remainder when 1882 is divided by 381?
358
Calculate the remainder when 337 is divided by 325.
12
What is the remainder when 7485 is divided by 78?
75
What is the remainder when 98 is divided by 33?
32
Calculate the remainder when 856 is divided by 107.
0
Calculate the remainder when 943 is divided by 35.
33
Calculate the remainder when 372 is divided by 81.
48
Calculate the remainder when 135 is divided by 38.
21
What is the remainder when 9110 is divided by 13?
10
What is the remainder when 571 is divided by 82?
79
Calculate the remainder when 296 is divided by 15.
11
Calculate the remainder when 9926 is divided by 144.
134
What is the remainder when 715 is divided by 36?
31
Calculate the remainder when 179 is divided by 36.
35
Calculate the remainder when 361 is divided by 74.
65
What is the remainder when 46 is divided by 24?
22
What is the remainder when 626 is divided by 114?
56
Calculate the remainder when 948 is divided by 103.
21
Cal